{"id":3364,"date":"2024-08-07T12:09:13","date_gmt":"2024-08-07T11:09:13","guid":{"rendered":"https:\/\/xtftattoo.com\/?page_id=3364"},"modified":"2024-08-07T12:43:04","modified_gmt":"2024-08-07T11:43:04","slug":"que-se-necesita-para-empezar-a-tatuar","status":"publish","type":"page","link":"https:\/\/xtftattoo.com\/index.php\/que-se-necesita-para-empezar-a-tatuar\/","title":{"rendered":"Que Se Necesita Para Empezar a Tatuar"},"content":{"rendered":"\t\t<div data-elementor-type=\"wp-page\" data-elementor-id=\"3364\" class=\"elementor elementor-3364\" data-elementor-post-type=\"page\">\n\t\t\t\t<div class=\"elementor-element elementor-element-a9a858e e-flex e-con-boxed e-con e-parent\" data-id=\"a9a858e\" data-element_type=\"container\">\n\t\t\t\t\t<div class=\"e-con-inner\">\n\t\t\t\t<div class=\"elementor-element elementor-element-fda7e5b elementor-widget elementor-widget-heading\" data-id=\"fda7e5b\" data-element_type=\"widget\" data-widget_type=\"heading.default\">\n\t\t\t\t<div class=\"elementor-widget-container\">\n\t\t\t<style>\/*! elementor - v3.22.0 - 17-06-2024 *\/\n.elementor-heading-title{padding:0;margin:0;line-height:1}.elementor-widget-heading .elementor-heading-title[class*=elementor-size-]>a{color:inherit;font-size:inherit;line-height:inherit}.elementor-widget-heading .elementor-heading-title.elementor-size-small{font-size:15px}.elementor-widget-heading .elementor-heading-title.elementor-size-medium{font-size:19px}.elementor-widget-heading .elementor-heading-title.elementor-size-large{font-size:29px}.elementor-widget-heading .elementor-heading-title.elementor-size-xl{font-size:39px}.elementor-widget-heading .elementor-heading-title.elementor-size-xxl{font-size:59px}<\/style><h1 class=\"elementor-heading-title elementor-size-default\">Tatuajes para principiantes<\/h1>\t\t<\/div>\n\t\t\t\t<\/div>\n\t\t\t\t\t<\/div>\n\t\t\t\t<\/div>\n\t\t<div class=\"elementor-element elementor-element-91dcc84 e-flex e-con-boxed e-con e-parent\" data-id=\"91dcc84\" data-element_type=\"container\">\n\t\t\t\t\t<div class=\"e-con-inner\">\n\t\t\t\t<div class=\"elementor-element elementor-element-3843cd2 elementor-widget elementor-widget-heading\" data-id=\"3843cd2\" data-element_type=\"widget\" data-widget_type=\"heading.default\">\n\t\t\t\t<div class=\"elementor-widget-container\">\n\t\t\t<p class=\"elementor-heading-title elementor-size-default\">Para empezar a tatuar, es crucial fijarse en el trabajo de otros tatuadores profesionales. No solo te servir\u00e1n como fuente de inspiraci\u00f3n, sino tambi\u00e9n para captar el trazo del dibujo sobre la piel. Si es la primera vez que coges una m\u00e1quina de tatuar, observar la destreza de un tatuador experimentado te ayudar\u00e1 a familiarizarte con la t\u00e9cnica.\n\nSin embargo, hay m\u00e1s aspectos importantes para adentrarse en este apasionante sector. Ve\u00e1moslos:<\/p>\t\t<\/div>\n\t\t\t\t<\/div>\n\t\t\t\t\t<\/div>\n\t\t\t\t<\/div>\n\t\t<div class=\"elementor-element elementor-element-cd844cc e-flex e-con-boxed e-con e-parent\" data-id=\"cd844cc\" data-element_type=\"container\">\n\t\t\t\t\t<div class=\"e-con-inner\">\n\t\t\t\t<div class=\"elementor-element elementor-element-4681a85 elementor-widget elementor-widget-heading\" data-id=\"4681a85\" data-element_type=\"widget\" data-widget_type=\"heading.default\">\n\t\t\t\t<div class=\"elementor-widget-container\">\n\t\t\t<h2 class=\"elementor-heading-title elementor-size-default\">Retos a la hora del comienzo<\/h2>\t\t<\/div>\n\t\t\t\t<\/div>\n\t\t\t\t\t<\/div>\n\t\t\t\t<\/div>\n\t\t<div class=\"elementor-element elementor-element-4d1019c e-flex e-con-boxed e-con e-parent\" data-id=\"4d1019c\" data-element_type=\"container\">\n\t\t\t\t\t<div class=\"e-con-inner\">\n\t\t\t\t<div class=\"elementor-element elementor-element-8cbccca elementor-widget elementor-widget-heading\" data-id=\"8cbccca\" data-element_type=\"widget\" data-widget_type=\"heading.default\">\n\t\t\t\t<div class=\"elementor-widget-container\">\n\t\t\t<p class=\"elementor-heading-title elementor-size-default\">Uno de los mayores retos para los principiantes es encontrar clientes para practicar y perfeccionar sus habilidades. Muchos comienzan ofreciendo tatuajes gratuitos a amigos y familiares, y luego utilizan redes sociales y otros canales de marketing para atraer a m\u00e1s clientes. Sin embargo, para desarrollar tus habilidades de manera efectiva y profesional, una formaci\u00f3n adecuada es esencial.\n\nEn nuestro curso de tatuaje, te ofrecemos una excelente opci\u00f3n para comenzar tu carrera con una base s\u00f3lida. Nuestro programa incluye formaci\u00f3n integral en t\u00e9cnicas de tatuaje de calidad y el uso de equipo de alta calidad y debidamente esterilizado. Aprender\u00e1s sobre higiene y prevenci\u00f3n de infecciones, aspectos cruciales para garantizar la seguridad y salud de tus clientes.\nEn nuestros cursos, aprender\u00e1s sobre la historia del tatuaje, las diferentes m\u00e1quinas de tatuar, la composici\u00f3n de las tintas aptas para la piel, los distintos tipos de agujas, y las medidas de seguridad e higiene necesarias. Adem\u00e1s, te ense\u00f1aremos diversas t\u00e9cnicas de tatuaje y c\u00f3mo utilizar el boceto para conseguir claroscuro, volumen y profundidad, y mezclar colores para dar al tatuaje el aspecto esperado.\n<\/p>\t\t<\/div>\n\t\t\t\t<\/div>\n\t\t\t\t\t<\/div>\n\t\t\t\t<\/div>\n\t\t<div class=\"elementor-element elementor-element-9b087e5 e-flex e-con-boxed e-con e-parent\" data-id=\"9b087e5\" data-element_type=\"container\">\n\t\t\t\t\t<div class=\"e-con-inner\">\n\t\t\t\t<div class=\"elementor-element elementor-element-49f28f5 elementor-widget elementor-widget-heading\" data-id=\"49f28f5\" data-element_type=\"widget\" data-widget_type=\"heading.default\">\n\t\t\t\t<div class=\"elementor-widget-container\">\n\t\t\t<h3 class=\"elementor-heading-title elementor-size-default\">Podemos Ayudarte<\/h3>\t\t<\/div>\n\t\t\t\t<\/div>\n\t\t\t\t\t<\/div>\n\t\t\t\t<\/div>\n\t\t<div class=\"elementor-element elementor-element-d37bc02 e-flex e-con-boxed e-con e-parent\" data-id=\"d37bc02\" data-element_type=\"container\">\n\t\t\t\t\t<div class=\"e-con-inner\">\n\t\t\t\t<div class=\"elementor-element elementor-element-6124f01 elementor-widget elementor-widget-heading\" data-id=\"6124f01\" data-element_type=\"widget\" data-widget_type=\"heading.default\">\n\t\t\t\t<div class=\"elementor-widget-container\">\n\t\t\t<p class=\"elementor-heading-title elementor-size-default\">Adem\u00e1s, nuestro curso proporciona una orientaci\u00f3n experta que te ayudar\u00e1 a superar los desaf\u00edos comunes, como la piel que se desliza mientras se tat\u00faa, el manejo del dolor o la incomodidad de los clientes, y la gesti\u00f3n de sus expectativas. Te ense\u00f1aremos a ser paciente y comprensivo, y a trabajar en colaboraci\u00f3n con tus clientes para crear dise\u00f1os que los hagan sentir orgullosos de su nuevo tatuaje.\n\nEn el camino hacia convertirte en un tatuador profesional, es importante estar preparado para enfrentar errores y fracasos, y aprender de ellos. El aprendizaje constante y la pr\u00e1ctica son fundamentales en esta industria, y nuestra formaci\u00f3n te proporcionar\u00e1 las herramientas y el conocimiento necesarios para avanzar con confianza.\n\nCon dedicaci\u00f3n y pasi\u00f3n, y con el respaldo de nuestro curso especializado, puedes superar los desaf\u00edos iniciales y lograr tus metas en el mundo del tatuaje.En nuestros cursos, aprender\u00e1s sobre la historia del tatuaje, las diferentes m\u00e1quinas de tatuar, la composici\u00f3n de las tintas aptas para la piel, los distintos tipos de agujas, y las medidas de seguridad e higiene necesarias. Adem\u00e1s, te ense\u00f1aremos diversas t\u00e9cnicas de tatuaje y c\u00f3mo utilizar el boceto para conseguir claroscuro, volumen y profundidad, y mezclar colores para dar al tatuaje el aspecto esperado.\n<\/p>\t\t<\/div>\n\t\t\t\t<\/div>\n\t\t\t\t\t<\/div>\n\t\t\t\t<\/div>\n\t\t\t\t<\/div>\n\t\t","protected":false},"excerpt":{"rendered":"<p>Tatuajes para principiantes Para empezar a tatuar, es crucial fijarse en el trabajo de otros tatuadores profesionales&#8230;.<\/p>\n","protected":false},"author":1,"featured_media":0,"parent":0,"menu_order":0,"comment_status":"closed","ping_status":"closed","template":"","meta":{"footnotes":""},"yoast_head":"<!-- This site is optimized with the Yoast SEO Premium plugin v22.7 (Yoast SEO v22.9) - https:\/\/yoast.com\/wordpress\/plugins\/seo\/ -->\n<title>Que Se Necesita Para Empezar a Tatuar - xtftattoo<\/title>\n<meta name=\"robots\" content=\"index, follow, max-snippet:-1, max-image-preview:large, max-video-preview:-1\" \/>\n<link rel=\"canonical\" href=\"https:\/\/xtftattoo.com\/index.php\/que-se-necesita-para-empezar-a-tatuar\/\" \/>\n<meta property=\"og:locale\" content=\"es_ES\" \/>\n<meta property=\"og:type\" content=\"article\" \/>\n<meta property=\"og:title\" content=\"Que Se Necesita Para Empezar a Tatuar\" \/>\n<meta property=\"og:description\" content=\"Tatuajes para principiantes Para empezar a tatuar, es crucial fijarse en el trabajo de otros tatuadores profesionales....\" \/>\n<meta property=\"og:url\" content=\"https:\/\/xtftattoo.com\/index.php\/que-se-necesita-para-empezar-a-tatuar\/\" \/>\n<meta property=\"og:site_name\" content=\"xtftattoo\" \/>\n<meta property=\"article:modified_time\" content=\"2024-08-07T11:43:04+00:00\" \/>\n<meta name=\"twitter:card\" content=\"summary_large_image\" \/>\n<meta name=\"twitter:label1\" content=\"Tiempo de lectura\" \/>\n\t<meta name=\"twitter:data1\" content=\"3 minutos\" \/>\n<script type=\"application\/ld+json\" class=\"yoast-schema-graph\">{\"@context\":\"https:\/\/schema.org\",\"@graph\":[{\"@type\":\"WebPage\",\"@id\":\"https:\/\/xtftattoo.com\/index.php\/que-se-necesita-para-empezar-a-tatuar\/\",\"url\":\"https:\/\/xtftattoo.com\/index.php\/que-se-necesita-para-empezar-a-tatuar\/\",\"name\":\"Que Se Necesita Para Empezar a Tatuar - xtftattoo\",\"isPartOf\":{\"@id\":\"https:\/\/xtftattoo.com\/#website\"},\"datePublished\":\"2024-08-07T11:09:13+00:00\",\"dateModified\":\"2024-08-07T11:43:04+00:00\",\"breadcrumb\":{\"@id\":\"https:\/\/xtftattoo.com\/index.php\/que-se-necesita-para-empezar-a-tatuar\/#breadcrumb\"},\"inLanguage\":\"es\",\"potentialAction\":[{\"@type\":\"ReadAction\",\"target\":[\"https:\/\/xtftattoo.com\/index.php\/que-se-necesita-para-empezar-a-tatuar\/\"]}]},{\"@type\":\"BreadcrumbList\",\"@id\":\"https:\/\/xtftattoo.com\/index.php\/que-se-necesita-para-empezar-a-tatuar\/#breadcrumb\",\"itemListElement\":[{\"@type\":\"ListItem\",\"position\":1,\"name\":\"Portada\",\"item\":\"https:\/\/xtftattoo.com\/\"},{\"@type\":\"ListItem\",\"position\":2,\"name\":\"Que Se Necesita Para Empezar a Tatuar\"}]},{\"@type\":\"WebSite\",\"@id\":\"https:\/\/xtftattoo.com\/#website\",\"url\":\"https:\/\/xtftattoo.com\/\",\"name\":\"xtftattoo\",\"description\":\"\",\"publisher\":{\"@id\":\"https:\/\/xtftattoo.com\/#organization\"},\"potentialAction\":[{\"@type\":\"SearchAction\",\"target\":{\"@type\":\"EntryPoint\",\"urlTemplate\":\"https:\/\/xtftattoo.com\/?s={search_term_string}\"},\"query-input\":\"required name=search_term_string\"}],\"inLanguage\":\"es\"},{\"@type\":\"Organization\",\"@id\":\"https:\/\/xtftattoo.com\/#organization\",\"name\":\"xtftattoo\",\"url\":\"https:\/\/xtftattoo.com\/\",\"logo\":{\"@type\":\"ImageObject\",\"inLanguage\":\"es\",\"@id\":\"https:\/\/xtftattoo.com\/#\/schema\/logo\/image\/\",\"url\":\"https:\/\/xtftattoo.com\/wp-content\/uploads\/2024\/05\/LogoXandro-e1716470833493.png\",\"contentUrl\":\"https:\/\/xtftattoo.com\/wp-content\/uploads\/2024\/05\/LogoXandro-e1716470833493.png\",\"width\":95,\"height\":100,\"caption\":\"xtftattoo\"},\"image\":{\"@id\":\"https:\/\/xtftattoo.com\/#\/schema\/logo\/image\/\"}}]}<\/script>\n<!-- \/ Yoast SEO Premium plugin. -->","yoast_head_json":{"title":"Que Se Necesita Para Empezar a Tatuar - xtftattoo","robots":{"index":"index","follow":"follow","max-snippet":"max-snippet:-1","max-image-preview":"max-image-preview:large","max-video-preview":"max-video-preview:-1"},"canonical":"https:\/\/xtftattoo.com\/index.php\/que-se-necesita-para-empezar-a-tatuar\/","og_locale":"es_ES","og_type":"article","og_title":"Que Se Necesita Para Empezar a Tatuar","og_description":"Tatuajes para principiantes Para empezar a tatuar, es crucial fijarse en el trabajo de otros tatuadores profesionales....","og_url":"https:\/\/xtftattoo.com\/index.php\/que-se-necesita-para-empezar-a-tatuar\/","og_site_name":"xtftattoo","article_modified_time":"2024-08-07T11:43:04+00:00","twitter_card":"summary_large_image","twitter_misc":{"Tiempo de lectura":"3 minutos"},"schema":{"@context":"https:\/\/schema.org","@graph":[{"@type":"WebPage","@id":"https:\/\/xtftattoo.com\/index.php\/que-se-necesita-para-empezar-a-tatuar\/","url":"https:\/\/xtftattoo.com\/index.php\/que-se-necesita-para-empezar-a-tatuar\/","name":"Que Se Necesita Para Empezar a Tatuar - xtftattoo","isPartOf":{"@id":"https:\/\/xtftattoo.com\/#website"},"datePublished":"2024-08-07T11:09:13+00:00","dateModified":"2024-08-07T11:43:04+00:00","breadcrumb":{"@id":"https:\/\/xtftattoo.com\/index.php\/que-se-necesita-para-empezar-a-tatuar\/#breadcrumb"},"inLanguage":"es","potentialAction":[{"@type":"ReadAction","target":["https:\/\/xtftattoo.com\/index.php\/que-se-necesita-para-empezar-a-tatuar\/"]}]},{"@type":"BreadcrumbList","@id":"https:\/\/xtftattoo.com\/index.php\/que-se-necesita-para-empezar-a-tatuar\/#breadcrumb","itemListElement":[{"@type":"ListItem","position":1,"name":"Portada","item":"https:\/\/xtftattoo.com\/"},{"@type":"ListItem","position":2,"name":"Que Se Necesita Para Empezar a Tatuar"}]},{"@type":"WebSite","@id":"https:\/\/xtftattoo.com\/#website","url":"https:\/\/xtftattoo.com\/","name":"xtftattoo","description":"","publisher":{"@id":"https:\/\/xtftattoo.com\/#organization"},"potentialAction":[{"@type":"SearchAction","target":{"@type":"EntryPoint","urlTemplate":"https:\/\/xtftattoo.com\/?s={search_term_string}"},"query-input":"required name=search_term_string"}],"inLanguage":"es"},{"@type":"Organization","@id":"https:\/\/xtftattoo.com\/#organization","name":"xtftattoo","url":"https:\/\/xtftattoo.com\/","logo":{"@type":"ImageObject","inLanguage":"es","@id":"https:\/\/xtftattoo.com\/#\/schema\/logo\/image\/","url":"https:\/\/xtftattoo.com\/wp-content\/uploads\/2024\/05\/LogoXandro-e1716470833493.png","contentUrl":"https:\/\/xtftattoo.com\/wp-content\/uploads\/2024\/05\/LogoXandro-e1716470833493.png","width":95,"height":100,"caption":"xtftattoo"},"image":{"@id":"https:\/\/xtftattoo.com\/#\/schema\/logo\/image\/"}}]}},"_links":{"self":[{"href":"https:\/\/xtftattoo.com\/index.php\/wp-json\/wp\/v2\/pages\/3364"}],"collection":[{"href":"https:\/\/xtftattoo.com\/index.php\/wp-json\/wp\/v2\/pages"}],"about":[{"href":"https:\/\/xtftattoo.com\/index.php\/wp-json\/wp\/v2\/types\/page"}],"author":[{"embeddable":true,"href":"https:\/\/xtftattoo.com\/index.php\/wp-json\/wp\/v2\/users\/1"}],"replies":[{"embeddable":true,"href":"https:\/\/xtftattoo.com\/index.php\/wp-json\/wp\/v2\/comments?post=3364"}],"version-history":[{"count":13,"href":"https:\/\/xtftattoo.com\/index.php\/wp-json\/wp\/v2\/pages\/3364\/revisions"}],"predecessor-version":[{"id":3394,"href":"https:\/\/xtftattoo.com\/index.php\/wp-json\/wp\/v2\/pages\/3364\/revisions\/3394"}],"wp:attachment":[{"href":"https:\/\/xtftattoo.com\/index.php\/wp-json\/wp\/v2\/media?parent=3364"}],"curies":[{"name":"wp","href":"https:\/\/api.w.org\/{rel}","templated":true}]}}