{"id":2992,"date":"2024-06-01T14:09:57","date_gmt":"2024-06-01T13:09:57","guid":{"rendered":"https:\/\/xtftattoo.com\/index.php\/product\/butter\/"},"modified":"2025-08-07T23:04:58","modified_gmt":"2025-08-07T22:04:58","slug":"butter-para-tatuajes-de-alta-calidad","status":"publish","type":"product","link":"https:\/\/xtftattoo.com\/index.php\/product\/butter-para-tatuajes-de-alta-calidad\/","title":{"rendered":"BUTTER"},"content":{"rendered":"<div class=\"swpm-post-not-logged-in-msg\">Debes acceder para ver \u00e9ste contenido. Por favor <a class=\"swpm-login-link\" href=\"https:\/\/xtftattoo.com\/index.php\/membership-login\/\">Acceder<\/a>. \u00bfA\u00fan no eres miembro? <a href=\"https:\/\/xtftattoo.com\/index.php\/membership-join\/\">\u00danete a nosotros<\/a><\/div>","protected":false},"excerpt":{"rendered":"<p>Butter para tatuajes de alta calidad, especialmente formulado para hidratar y curar la piel despu\u00e9s de un tatuaje. Su f\u00f3rmula enriquecida con ingredientes naturales proporciona una hidrataci\u00f3n profunda, ayudando a calmar y proteger la piel durante el proceso de curaci\u00f3n.<\/p>\n","protected":false},"featured_media":3017,"comment_status":"open","ping_status":"closed","template":"","meta":[],"etheme_brands":[{"term_id":266,"name":"XTF","slug":"xtf","term_group":0,"term_taxonomy_id":266,"taxonomy":"brand","description":"","parent":0,"count":5,"filter":"raw"}],"product_cat":[233],"product_tag":[],"yoast_head":"<!-- This site is optimized with the Yoast SEO Premium plugin v22.7 (Yoast SEO v22.9) - https:\/\/yoast.com\/wordpress\/plugins\/seo\/ -->\n<title>Butter para tatuajes de alta calidad<\/title>\n<meta name=\"description\" content=\"Descubre nuestro butter para tatuajes de alta calidad, formulado para ofrecer una hidrataci\u00f3n superior y una curaci\u00f3n \u00f3ptima de la piel despu\u00e9s del tatuaje.\" \/>\n<meta name=\"robots\" content=\"index, follow, max-snippet:-1, max-image-preview:large, max-video-preview:-1\" \/>\n<link rel=\"canonical\" href=\"https:\/\/xtftattoo.com\/index.php\/product\/butter-para-tatuajes-de-alta-calidad\/\" \/>\n<meta property=\"og:locale\" content=\"es_ES\" \/>\n<meta property=\"og:type\" content=\"article\" \/>\n<meta property=\"og:title\" content=\"BUTTER\" \/>\n<meta property=\"og:description\" content=\"Descubre nuestro butter para tatuajes de alta calidad, formulado para ofrecer una hidrataci\u00f3n superior y una curaci\u00f3n \u00f3ptima de la piel despu\u00e9s del tatuaje.\" \/>\n<meta property=\"og:url\" content=\"https:\/\/xtftattoo.com\/index.php\/product\/butter-para-tatuajes-de-alta-calidad\/\" \/>\n<meta property=\"og:site_name\" content=\"xtftattoo\" \/>\n<meta property=\"article:modified_time\" content=\"2025-08-07T22:04:58+00:00\" \/>\n<meta property=\"og:image\" content=\"https:\/\/xtftattoo.com\/wp-content\/uploads\/2024\/06\/IMG_5233.jpg\" \/>\n\t<meta property=\"og:image:width\" content=\"800\" \/>\n\t<meta property=\"og:image:height\" content=\"800\" \/>\n\t<meta property=\"og:image:type\" content=\"image\/jpeg\" \/>\n<meta name=\"twitter:card\" content=\"summary_large_image\" \/>\n<meta name=\"twitter:label1\" content=\"Disponibilidad\" \/>\n\t<meta name=\"twitter:data1\" content=\"Disponible\" \/>\n<script type=\"application\/ld+json\" class=\"yoast-schema-graph\">{\"@context\":\"https:\/\/schema.org\",\"@graph\":[{\"@type\":\"WebPage\",\"@id\":\"https:\/\/xtftattoo.com\/index.php\/product\/butter-para-tatuajes-de-alta-calidad\/\",\"url\":\"https:\/\/xtftattoo.com\/index.php\/product\/butter-para-tatuajes-de-alta-calidad\/\",\"name\":\"Butter para tatuajes de alta calidad\",\"isPartOf\":{\"@id\":\"https:\/\/xtftattoo.com\/#website\"},\"primaryImageOfPage\":{\"@id\":\"https:\/\/xtftattoo.com\/index.php\/product\/butter-para-tatuajes-de-alta-calidad\/#primaryimage\"},\"image\":{\"@id\":\"https:\/\/xtftattoo.com\/index.php\/product\/butter-para-tatuajes-de-alta-calidad\/#primaryimage\"},\"thumbnailUrl\":\"https:\/\/xtftattoo.com\/wp-content\/uploads\/2024\/06\/IMG_5233.jpg\",\"datePublished\":\"2024-06-01T13:09:57+00:00\",\"dateModified\":\"2025-08-07T22:04:58+00:00\",\"description\":\"Descubre nuestro butter para tatuajes de alta calidad, formulado para ofrecer una hidrataci\u00f3n superior y una curaci\u00f3n \u00f3ptima de la piel despu\u00e9s del tatuaje.\",\"breadcrumb\":{\"@id\":\"https:\/\/xtftattoo.com\/index.php\/product\/butter-para-tatuajes-de-alta-calidad\/#breadcrumb\"},\"inLanguage\":\"es\",\"potentialAction\":[{\"@type\":\"ReadAction\",\"target\":[\"https:\/\/xtftattoo.com\/index.php\/product\/butter-para-tatuajes-de-alta-calidad\/\"]}]},{\"@type\":\"ImageObject\",\"inLanguage\":\"es\",\"@id\":\"https:\/\/xtftattoo.com\/index.php\/product\/butter-para-tatuajes-de-alta-calidad\/#primaryimage\",\"url\":\"https:\/\/xtftattoo.com\/wp-content\/uploads\/2024\/06\/IMG_5233.jpg\",\"contentUrl\":\"https:\/\/xtftattoo.com\/wp-content\/uploads\/2024\/06\/IMG_5233.jpg\",\"width\":800,\"height\":800,\"caption\":\"Butter para tatuajes de alta calidad\"},{\"@type\":\"BreadcrumbList\",\"@id\":\"https:\/\/xtftattoo.com\/index.php\/product\/butter-para-tatuajes-de-alta-calidad\/#breadcrumb\",\"itemListElement\":[{\"@type\":\"ListItem\",\"position\":1,\"name\":\"Portada\",\"item\":\"https:\/\/xtftattoo.com\/\"},{\"@type\":\"ListItem\",\"position\":2,\"name\":\"Tienda\",\"item\":\"https:\/\/xtftattoo.com\/index.php\/tienda\/\"},{\"@type\":\"ListItem\",\"position\":3,\"name\":\"BUTTER\"}]},{\"@type\":\"WebSite\",\"@id\":\"https:\/\/xtftattoo.com\/#website\",\"url\":\"https:\/\/xtftattoo.com\/\",\"name\":\"xtftattoo\",\"description\":\"\",\"publisher\":{\"@id\":\"https:\/\/xtftattoo.com\/#organization\"},\"potentialAction\":[{\"@type\":\"SearchAction\",\"target\":{\"@type\":\"EntryPoint\",\"urlTemplate\":\"https:\/\/xtftattoo.com\/?s={search_term_string}\"},\"query-input\":\"required name=search_term_string\"}],\"inLanguage\":\"es\"},{\"@type\":\"Organization\",\"@id\":\"https:\/\/xtftattoo.com\/#organization\",\"name\":\"xtftattoo\",\"url\":\"https:\/\/xtftattoo.com\/\",\"logo\":{\"@type\":\"ImageObject\",\"inLanguage\":\"es\",\"@id\":\"https:\/\/xtftattoo.com\/#\/schema\/logo\/image\/\",\"url\":\"https:\/\/xtftattoo.com\/wp-content\/uploads\/2024\/05\/LogoXandro-e1716470833493.png\",\"contentUrl\":\"https:\/\/xtftattoo.com\/wp-content\/uploads\/2024\/05\/LogoXandro-e1716470833493.png\",\"width\":95,\"height\":100,\"caption\":\"xtftattoo\"},\"image\":{\"@id\":\"https:\/\/xtftattoo.com\/#\/schema\/logo\/image\/\"}}]}<\/script>\n<meta property=\"og:availability\" content=\"instock\" \/>\n<meta property=\"product:availability\" content=\"instock\" \/>\n<meta property=\"product:condition\" content=\"new\" \/>\n<!-- \/ Yoast SEO Premium plugin. -->","yoast_head_json":{"title":"Butter para tatuajes de alta calidad","description":"Descubre nuestro butter para tatuajes de alta calidad, formulado para ofrecer una hidrataci\u00f3n superior y una curaci\u00f3n \u00f3ptima de la piel despu\u00e9s del tatuaje.","robots":{"index":"index","follow":"follow","max-snippet":"max-snippet:-1","max-image-preview":"max-image-preview:large","max-video-preview":"max-video-preview:-1"},"canonical":"https:\/\/xtftattoo.com\/index.php\/product\/butter-para-tatuajes-de-alta-calidad\/","og_locale":"es_ES","og_type":"article","og_title":"BUTTER","og_description":"Descubre nuestro butter para tatuajes de alta calidad, formulado para ofrecer una hidrataci\u00f3n superior y una curaci\u00f3n \u00f3ptima de la piel despu\u00e9s del tatuaje.","og_url":"https:\/\/xtftattoo.com\/index.php\/product\/butter-para-tatuajes-de-alta-calidad\/","og_site_name":"xtftattoo","article_modified_time":"2025-08-07T22:04:58+00:00","og_image":[{"width":800,"height":800,"url":"https:\/\/xtftattoo.com\/wp-content\/uploads\/2024\/06\/IMG_5233.jpg","type":"image\/jpeg"}],"twitter_card":"summary_large_image","twitter_misc":{"Disponibilidad":"Disponible"},"schema":{"@context":"https:\/\/schema.org","@graph":[{"@type":"WebPage","@id":"https:\/\/xtftattoo.com\/index.php\/product\/butter-para-tatuajes-de-alta-calidad\/","url":"https:\/\/xtftattoo.com\/index.php\/product\/butter-para-tatuajes-de-alta-calidad\/","name":"Butter para tatuajes de alta calidad","isPartOf":{"@id":"https:\/\/xtftattoo.com\/#website"},"primaryImageOfPage":{"@id":"https:\/\/xtftattoo.com\/index.php\/product\/butter-para-tatuajes-de-alta-calidad\/#primaryimage"},"image":{"@id":"https:\/\/xtftattoo.com\/index.php\/product\/butter-para-tatuajes-de-alta-calidad\/#primaryimage"},"thumbnailUrl":"https:\/\/xtftattoo.com\/wp-content\/uploads\/2024\/06\/IMG_5233.jpg","datePublished":"2024-06-01T13:09:57+00:00","dateModified":"2025-08-07T22:04:58+00:00","description":"Descubre nuestro butter para tatuajes de alta calidad, formulado para ofrecer una hidrataci\u00f3n superior y una curaci\u00f3n \u00f3ptima de la piel despu\u00e9s del tatuaje.","breadcrumb":{"@id":"https:\/\/xtftattoo.com\/index.php\/product\/butter-para-tatuajes-de-alta-calidad\/#breadcrumb"},"inLanguage":"es","potentialAction":[{"@type":"ReadAction","target":["https:\/\/xtftattoo.com\/index.php\/product\/butter-para-tatuajes-de-alta-calidad\/"]}]},{"@type":"ImageObject","inLanguage":"es","@id":"https:\/\/xtftattoo.com\/index.php\/product\/butter-para-tatuajes-de-alta-calidad\/#primaryimage","url":"https:\/\/xtftattoo.com\/wp-content\/uploads\/2024\/06\/IMG_5233.jpg","contentUrl":"https:\/\/xtftattoo.com\/wp-content\/uploads\/2024\/06\/IMG_5233.jpg","width":800,"height":800,"caption":"Butter para tatuajes de alta calidad"},{"@type":"BreadcrumbList","@id":"https:\/\/xtftattoo.com\/index.php\/product\/butter-para-tatuajes-de-alta-calidad\/#breadcrumb","itemListElement":[{"@type":"ListItem","position":1,"name":"Portada","item":"https:\/\/xtftattoo.com\/"},{"@type":"ListItem","position":2,"name":"Tienda","item":"https:\/\/xtftattoo.com\/index.php\/tienda\/"},{"@type":"ListItem","position":3,"name":"BUTTER"}]},{"@type":"WebSite","@id":"https:\/\/xtftattoo.com\/#website","url":"https:\/\/xtftattoo.com\/","name":"xtftattoo","description":"","publisher":{"@id":"https:\/\/xtftattoo.com\/#organization"},"potentialAction":[{"@type":"SearchAction","target":{"@type":"EntryPoint","urlTemplate":"https:\/\/xtftattoo.com\/?s={search_term_string}"},"query-input":"required name=search_term_string"}],"inLanguage":"es"},{"@type":"Organization","@id":"https:\/\/xtftattoo.com\/#organization","name":"xtftattoo","url":"https:\/\/xtftattoo.com\/","logo":{"@type":"ImageObject","inLanguage":"es","@id":"https:\/\/xtftattoo.com\/#\/schema\/logo\/image\/","url":"https:\/\/xtftattoo.com\/wp-content\/uploads\/2024\/05\/LogoXandro-e1716470833493.png","contentUrl":"https:\/\/xtftattoo.com\/wp-content\/uploads\/2024\/05\/LogoXandro-e1716470833493.png","width":95,"height":100,"caption":"xtftattoo"},"image":{"@id":"https:\/\/xtftattoo.com\/#\/schema\/logo\/image\/"}}]},"og_availability":"instock","product_availability":"instock","product_condition":"new"},"_links":{"self":[{"href":"https:\/\/xtftattoo.com\/index.php\/wp-json\/wp\/v2\/product\/2992"}],"collection":[{"href":"https:\/\/xtftattoo.com\/index.php\/wp-json\/wp\/v2\/product"}],"about":[{"href":"https:\/\/xtftattoo.com\/index.php\/wp-json\/wp\/v2\/types\/product"}],"replies":[{"embeddable":true,"href":"https:\/\/xtftattoo.com\/index.php\/wp-json\/wp\/v2\/comments?post=2992"}],"version-history":[{"count":4,"href":"https:\/\/xtftattoo.com\/index.php\/wp-json\/wp\/v2\/product\/2992\/revisions"}],"predecessor-version":[{"id":3490,"href":"https:\/\/xtftattoo.com\/index.php\/wp-json\/wp\/v2\/product\/2992\/revisions\/3490"}],"wp:featuredmedia":[{"embeddable":true,"href":"https:\/\/xtftattoo.com\/index.php\/wp-json\/wp\/v2\/media\/3017"}],"wp:attachment":[{"href":"https:\/\/xtftattoo.com\/index.php\/wp-json\/wp\/v2\/media?parent=2992"}],"wp:term":[{"taxonomy":"brand","embeddable":true,"href":"https:\/\/xtftattoo.com\/index.php\/wp-json\/wp\/v2\/etheme_brands?post=2992"},{"taxonomy":"product_cat","embeddable":true,"href":"https:\/\/xtftattoo.com\/index.php\/wp-json\/wp\/v2\/product_cat?post=2992"},{"taxonomy":"product_tag","embeddable":true,"href":"https:\/\/xtftattoo.com\/index.php\/wp-json\/wp\/v2\/product_tag?post=2992"}],"curies":[{"name":"wp","href":"https:\/\/api.w.org\/{rel}","templated":true}]}}